 Let n = 206 - g. Suppose 0 = -z + 6*z - n. What is the remainder when 51 is divided by z?
15
Let m be (-5)/1 + 1 - -130. Suppose 95*p - m = 89*p. What is the remainder when 6/(-15) + 1228/20 is divided by p?
19
Let p = 13112 + -13085. Suppose -5*x - 3*u = 2*u - 350, -2*u = 4*x - 288. Calculate the remainder when x is divided by p.
20
Suppose 0 = 10*h - 2*c + 12 - 126, 4*h - 60 = -4*c. Suppose -2*o = 3*o - 105. What is the remainder when o is divided by h?
9
Calculate the remainder when 389 is divided by -35*((-6)/6)/1.
4
Suppose 0 = -i + 4*v - 5, 0*i - i - 4*v = -11. Suppose 2*a + i*q - 9 = 1, -4*q = 8. Calculate the remainder when 132 is divided by a.
4
Suppose -10*k + 21350 = -3*k + 28*k. Calculate the remainder when 1251 is divided by k.
31
Suppose -11*l = 99, -20*h + 2*l = -18*h - 66. Let c = -1 + 2. What is the remainder when h is divided by c?
0
Let g(l) = 7*l**2 - 10*l + 11. Calculate the remainder when 122 is divided by g(2).
8
Suppose 73 = 4*r - 5*l, -3*r + 2*l + 31 = 3*l. Let n = -93232 - -93350. Calculate the remainder when n is divided by r.
10
Suppose 2*b + 18 = 4*b. Suppose 5*u - 5*t + 25 = 0, -u + 5*t = -b + 26. What is the remainder when 75 is divided by u*((-26)/(-4))/(-1)?
10
Let u = -13 + 138. Let i = u - 85. What is the remainder when 62 is divided by i?
22
Suppose -22*x - 293 + 3353 = 68*x. What is the remainder when 66 is divided by x?
32
Let b(q) = q + 20*q + 16 - 2*q - q**2. Let r be b(20). What is the remainder when 17 is divided by -2*(r + 3/(-6))?
8
Suppose 21035*g - 21012*g - 4577 = 0. What is the remainder when 518 is divided by g?
120
Let o(u) = -31*u - 23. Let f(x) = 92*x + 68. Let s(t) = -3*f(t) - 8*o(t). What is the remainder when 2/5 - (-2132)/20 is divided by s(-2)?
35
Let q(i) = -2*i**2 - 12*i + 3. Let l be q(-6). Suppose -3*k + 1 + 8 = -l*h, 2*k - 4*h = 10. Suppose 55 = 2*r + k. What is the remainder when 80 is divided by r?
26
Let d = -111 - -128. Suppose 3150 - 22 = d*f. What is the remainder when f is divided by 17?
14
Suppose 3*f - 26 = -c, 5*c - 8 = 3*c + 5*f. Suppose 26 = -k + c*k. Suppose -2*h - 4*x = -74, 0 + k = -x. Calculate the remainder when 79 is divided by h.
38
Let l(p) = p**3 - 21*p**2 + 60*p - 36. What is the remainder when 77 is divided by l(18)?
5
Suppose 3*m + 3*h = -2*h + 149, 3*h = -6. Calculate the remainder when ((-6940845)/172)/153*(4/(-5) + 0) is divided by m.
52
Let z(d) = -6*d - 78. Let o be z(-19). Suppose -4563 = -3*w - o*w. What is the remainder when w is divided by 17?
15
Suppose 2*p + 7 = 1, -p - 483 = -4*r. What is the remainder when 714 is divided by r?
114
Let h be (-4642)/16 + 5*7/280. Let f = 327 + h. What is the remainder when f is divided by 13?
11
Let g = 60 + -58. Let o(s) = -1 + 0*s**2 + g*s**2 + 549*s - 554*s. Calculate the remainder when o(5) is divided by 13.
11
Let c(u) = -u**2 + 11*u - 13. Let v(s) = s**3 + 6*s**2 + 3*s + 1. Let q be v(-6). Let f = -6 - q. Calculate the remainder when f is divided by c(3).
0
Suppose -2*l + 38 = -24. Calculate the remainder when l is divided by (10/(-6) - -1) + 330/198 + 3.
3
Let x be (-8)/(-6) - (3 - (-25)/(-15)). Suppose 2*c + 24 = a - 10, 5*a + c - 159 = x. What is the remainder when a is divided by 5?
2
Suppose 0 = 4*a - 15 - 29. Let g = 3256 + -3213. Calculate the remainder when g is divided by a.
10
What is the remainder when 513/684 - (-8410)/8 is divided by 116?
8
Suppose 5*n - 85 = -3*q, -2*q - 46*n + 41*n = -70. Suppose 0 = 3*r - 0*r - 21. What is the remainder when q is divided by r?
1
Suppose 120 = 10*v - 5*v. What is the remainder when 252 is divided by v?
12
Let k(d) = d**3 + 7*d**2 + 6*d + 3. Let q be k(-6). Suppose -3*w - q*z + z = -187, 3 = -3*z. Let n = 244 + -231. Calculate the remainder when w is divided by n.
11
Let t = 5357 - 5326. What is the remainder when 1201 is divided by t?
23
Let w be (-5 + 110/20)*10. Suppose -t + 0*t = -3. Suppose -4*o = -5*z - 257, 0*o + 149 = t*o + w*z. Calculate the remainder when o is divided by 15.
13
Let c be 18027/45 + 4/10. Let g = -166 + c. Suppose 13*t + 14 - g = 0. Calculate the remainder when 32 is divided by t.
15
Let q = -3882 + 4150. Calculate the remainder when q is divided by 107.
54
Let u(y) = y**2 - 20*y - 234. Calculate the remainder when u(34) is divided by 19.
14
Let i = 125617 - 125569. Let q = -3 - -22. Calculate the remainder when i is divided by q.
10
Suppose 0 = -20*o - 25 + 85. Suppose 3*w - 255 = o*i, 4*w + 3*i - 250 = 118. Calculate the remainder when w is divided by 6.
5
Let o = 23926 - 20788. Calculate the remainder when o is divided by 781.
14
Let u be (-63)/42 + 18/(-4). Let g = 23 - u. Let q = -250 - -256. What is the remainder when g is divided by q?
5
Let f(c) = -3*c - 17. Let r be f(-6). Let o be (3 + 0)/(r + -2). What is the remainder when 50 is divided by 0/((-6)/o) - (-3 + -14)?
16
Let t = 1 - -6. Calculate the remainder when (((-6)/(-4))/(42/(-420)))/((-3)/50) is divided by t.
5
Suppose 10537 - 129877 = -296*i + 36*i. Calculate the remainder when i is divided by 77.
74
Let n be (10/(-4))/(12/(-24)). Suppose 5*j + 3*x = 7*x + n, 0 = -4*x. What is the remainder when j*-10*-3 + -3 is divided by 8?
3
Calculate the remainder when 6268 is divided by 1173/2*(-1552)/(-582).
12
What is the remainder when 3304 is divided by 3*1 + (-3584)/56 + 133?
64
Suppose 0 = 3*q + 2*y - 128, q - y - 37 = -1. Suppose 3*r - l - 102 - 34 = 0, -3*l - q = -r. What is the remainder when r is divided by 33?
13
Let r(o) = -o**3 + 2*o**2 + 4*o - 1. Let a be r(3). Suppose -a*u + 86 = -h, -4*u - 4*h - 16 = -188. Calculate the remainder when u is divided by 33.
10
Let a = -1599 - -1647. Let j = -2 + 4. Suppose -j*b - 3*b + 4*h + 190 = 0, 2*b + 4*h = a. Calculate the remainder when b is divided by 19.
15
Let g be (-316)/8*-4*1/2. Let x = g - 46. Let f = 12 + -3. Calculate the remainder when x is divided by f.
6
Suppose 34*f + 1093 = 2283. Calculate the remainder when f is divided by 12.
11
Let v(u) = -1. Suppose -6*q + 13*q - 21 = 0. Let y(n) = n**2 + 12*n + 17. Let k(w) = q*v(w) - y(w). What is the remainder when 60 is divided by k(-6)?
12
Suppose 5*v + 5*q - 253 = v, -2*v + 125 = q. Suppose 0 = v*n - 30*n - 448. Let z = 206 + -139. Calculate the remainder when z is divided by n.
11
Suppose 30*y - 858 - 252 = 0. Calculate the remainder when 1169 is divided by y.
22
Suppose 40*p - 2*p = 266. Let h(v) be the first derivative of 2*v**3/3 - 5*v**2 + v + 1. Calculate the remainder when h(p) is divided by 8.
5
Suppose 0 = -0*f + f - 4, 2*l - 2*f = 186. Suppose 6*w = 3119 + l. Calculate the remainder when w is divided by 11.
8
Let y(v) = -2*v**2 + 17*v - 15. What is the remainder when y(6) is divided by 1*(-366)/(-48) - (-6)/16?
7
Let k(f) = -95*f - 386. Calculate the remainder when k(-5) is divided by (-4)/12 + 26/6.
1
Let o(k) = -k**3 - 23*k**2 - 49*k + 150. Calculate the remainder when o(-21) is divided by 3.
0
Suppose 4*q + 5*l + 284 = 0, -6*q + 5*q + 2*l - 71 = 0. Let j = 115 + q. What is the remainder when 85 is divided by j?
41
Let s be (-35)/(-10) + (-21)/14. Suppose 221 = 5*r + s*g, 175 = 4*r - 3*g + 4*g. Calculate the remainder when r is divided by 32.
11
Suppose -2*l = -5*m + 273, -15*m - 3*l = -19*m + 224. What is the remainder when 571 is divided by m?
41
Suppose 0 = 25*g + 76*g - 8484. Calculate the remainder when 243 is divided by g.
75
Let b = -8805 + 8824. Calculate the remainder when 1157 is divided by b.
17
Let a = 20 - 3. Suppose 15*y + 27 + 183 = 0. What is the remainder when 988/10 - y/70 is divided by a?
14
Suppose 3*y - 4*t = 157, y - 2 = t + 50. Let j = y - 41. Suppose 4*l - 2*d = 2*d + 24, 0 = -2*d + 2. Calculate the remainder when j is divided by l.
3
Let x(y) = -y + 19. Let f be x(17). Suppose 59 - 17 = -f*s. What is the remainder when 12/s*(-665)/10 is divided by 14?
10
Let h = 422 + -252. Calculate the remainder when h is divided by (80 - 53) + (-2)/1.
20
Let b = -15472 - -15679. What is the remainder when 418 is divided by b?
4
Let z be 4*(-5 + -14)*(-2)/1. Suppose -7*f + z = 26. What is the remainder when 104 is divided by f?
14
Let b = -41 + 143. Suppose -i + b = -0*i. Calculate the remainder when i is divided by (3 + 4 + (-58)/12)*(-30 + 42).
24
Let m = -58 - -64. Let h(g) = 16*g + 43. What is the remainder when h(m) is divided by 28?
27
Cal